*k - a - 79. What is the highest common divisor of 15 and k?
15
Let a(x) = 4*x - 155. Let u be a(40). Calculate the highest common divisor of 10 and u.
5
Let w be (-5369)/(-39) + 1/3. Suppose -5*v + 250 = -0*v + 5*r, -w = -3*v + 3*r. What is the highest common divisor of v and 12?
12
Let v be (-1)/(-4) - 525/(-140). Calculate the highest common factor of v and 164.
4
Let g = 21 - 21. Let x be -1 + 0 + g + 1. Suppose x*t - 4*t = -4, 3*v - 9 = -3*t. Calculate the greatest common factor of 3 and v.
1
Let x be 0 + (0 - -2) + 25. Suppose -11*n + 7*n = -8. Let q be x*(n - 12/9). Calculate the greatest common factor of q and 144.
18
Suppose -38*q = -30*q - 384. What is the greatest common divisor of 400 and q?
16
Suppose -f - 17 + 8 = 3*z, 3*f = 2*z + 28. What is the highest common factor of 14 and f?
2
Suppose 11968 = -73*u + 84*u. What is the highest common divisor of 34 and u?
34
Suppose -4*d + 64 = 3*o - 5*d, -4*d = -5*o + 116. Suppose -355 + 1040 = 5*r - 5*w, 408 = 3*r - 4*w. What is the highest common factor of o and r?
20
Let z = 197 + -127. What is the highest common divisor of 30 and z?
10
Suppose -11*t + 12*t = 6. Let c(s) = s**3 - 4*s**2 + s - 13. Let u be c(t). What is the highest common factor of 26 and u?
13
Let l(g) = g**2 + 3*g + 8. Let h be l(0). What is the highest common factor of 64 and h?
8
Let u = -455 - -464. Let c be 3/((-3)/(-44)) - -1. What is the greatest common divisor of u and c?
9
Let v be (-25)/(-8 + 3) + 13. Let j(t) = -14*t - 8. Let y be j(-7). What is the greatest common divisor of y and v?
18
Let f(o) = 53*o - 234. Let z be f(6). Calculate the highest common divisor of z and 567.
21
Let j(q) = 34*q**2 + 10*q - 10. Let f be j(4). What is the greatest common factor of 21 and f?
7
Suppose -a = -2*l - 30, 6*l - 3*l = -2*a + 88. Calculate the highest common divisor of a and 57.
19
Let q be 3*((-41)/(-3) - 3). Let x = -205 + 221. What is the highest common divisor of q and x?
16
Suppose 0 = 37*i + 21 - 1390. What is the highest common divisor of 740 and i?
37
Let o(a) = -91*a + 742. Let h be o(0). What is the highest common divisor of h and 14?
14
Let h(t) = 3*t**2 - 13*t + 2. Let r be h(4). Let s be ((-30)/(-75))/(r/(-210)). Calculate the greatest common factor of 63 and s.
21
Let v(c) = -2*c + 18. Let p be v(-9). Let z = p + 4. Suppose -2*d + 254 = 5*n, -3*d = -n + 2*d + z. What is the greatest common divisor of n and 10?
10
Let d = 856 - 754. What is the highest common factor of 51 and d?
51
Suppose -5*j - 4*q = -19 - 49, q + 34 = 3*j. What is the highest common divisor of j and 4?
4
Let o = -1006 - -1857. What is the highest common factor of o and 23?
23
Let k be 5/(-5)*(31 - 28)*(-2)/3. Let x be 0 - -4 - (2 - 0). Suppose -11 = -4*a - j, -5*a - x*j = -4 - 9. What is the highest common factor of a and k?
1
Suppose 206 + 58 = 12*o. What is the greatest common factor of o and 77?
11
Let k(d) = -19*d - 178. Let b be k(-12). Calculate the highest common divisor of 110 and b.
10
Suppose 4*k + 6 = 14. Suppose 0 = -3*p + m + 42, 2*p + k*m = -2*p + 56. What is the greatest common factor of p and 126?
14
Suppose 5*f - 16 - 9 = 0, -2*f = -2*z - 4. Suppose -m + 210 = z*s, 2*m - 22 = -s + 373. What is the highest common divisor of m and 39?
39
Let q = 87 + -37. Let n be (-246)/(-10) - (-20)/q. Suppose j = -0*j + 2*g - 2, 5*j = 3*g + n. Calculate the highest common factor of j and 8.
8
Let f be 54 - (5 + 7)*1/3. Let v = f + -14. Calculate the highest common factor of 54 and v.
18
Let r = -242 + 281. Calculate the highest common factor of r and 3.
3
Let y(q) = 35*q**3 - 4*q**2 + 7*q - 4. Let n be y(1). What is the greatest common factor of 646 and n?
34
Suppose 0 = -30*s + 519 + 291. Calculate the highest common divisor of 36 and s.
9
Suppose 3*k - 9*k = 24. Let a be -6*(k - 15/(-10)). Calculate the highest common factor of a and 60.
15
Let q = 2425 + -1391. What is the highest common factor of q and 22?
22
Suppose -12*g = 756 - 2700. Suppose -2*p = -k - 4, -2*k + 3*p = 4*p - 7. Suppose k*q = -q + g. What is the highest common factor of 135 and q?
27
Suppose 4 - 1 = -3*o, -3*o = h + 8. Let g(y) = -y + 22. Let n be g(h). Calculate the greatest common factor of 36 and n.
9
Let v = 2 - -1. Suppose -3*l - 10 = -8*l. Suppose 120 = l*y + 3*y. Calculate the greatest common factor of v and y.
3
Let q(n) = -11*n**3 + 2*n**2 + 2*n + 1. Let g be q(-1). Let z = 1894 + -1888. What is the greatest common divisor of g and z?
6
Let d be 15/(-2)*(17 - 19). Let n be 0 + d - (3 + -1). What is the greatest common divisor of 65 and n?
13
Let w be 1088/26 - (72/39 + -2). Suppose 4*q - 44 = 4*z, 2*q - 47 = -3*q + 3*z. What is the greatest common divisor of q and w?
7
Suppose 3*z - 35*z + 1664 = 0. What is the highest common divisor of z and 364?
52
Suppose 27 + 53 = 5*p. Let s(d) = 3*d**3 - 2*d + 1. Let t be s(3). Suppose p = -3*w + t. What is the greatest common factor of 8 and w?
4
Suppose -40 = -l + i - 7, 5*l - 166 = 4*i. Let m = -17 + l. Suppose 40 = 4*k + 2*q, -k + 5*q + m = -4. What is the greatest common factor of 77 and k?
11
Suppose 39 + 87 = 14*i. What is the greatest common factor of i and 441?
9
Suppose 8 - 1 = n. Suppose n*j - 3*j - 92 = 0. Suppose -4*c + j = -9. What is the highest common divisor of c and 1?
1
Let i = -430 + 808. Calculate the greatest common divisor of i and 14.
14
Let h = 161 + -86. Let x = h - 21. Let q = -63 + 69. What is the greatest common factor of q and x?
6
Let n be (-5 - (-1 - 2)) + -3. Let u(b) = -b + 3. Let i be u(n). Let z(g) = g - 4. Let a be z(i). Calculate the highest common divisor of 36 and a.
4
Suppose -240 = 1176*u - 1181*u. What is the highest common factor of 384 and u?
48
Let a be -15*((-44)/33 + 2/6). Suppose -17*x + 56 = -a*x. Let y be 0 - 210/((-3)/1). What is the highest common divisor of x and y?
14
Suppose -6*y + 112 = -2*y. Calculate the highest common factor of 448 and y.
28
Let q be -3 + 20*1/2. Let z(c) = 8*c**2 + 14*c + 33. Let a be z(-3). Calculate the greatest common factor of q and a.
7
Let w = -1761 - -1818. What is the greatest common factor of 323 and w?
19
Let z(v) = -25*v + 137. Let c be z(5). Let r be ((-96)/5)/((-2)/10). Calculate the highest common divisor of c and r.
12
Suppose 13*y - 18*y = -15. Suppose 3*j - 69 = y*d, -5*j - 3*d - 2*d + 115 = 0. Calculate the highest common factor of j and 253.
23
Let r = -14 + 9. Suppose -3*z + 50 = 5. Let s = z - r. What is the highest common factor of 30 and s?
10
Suppose -m - 8*f = -7*f - 610, 4*m + 5*f - 2438 = 0. Calculate the highest common factor of 36 and m.
36
Let b(x) = -x**3 - 4*x**2 + 3*x + 6. Let p be b(-5). What is the highest common divisor of p and 400?
16
Suppose 2*l + 6 = 0, 5*m + 4*l = l + 151. Calculate the highest common divisor of m and 240.
16
Suppose -13*d - 4 = -14*d. Let u = 11 + d. Calculate the greatest common factor of u and 5.
5
Suppose -6*y + 8 = -4*y. Suppose -o - j + y = 2, -4*j = 2*o - 6. What is the greatest common divisor of 2 and o?
1
Let c = -26 - -23. Let j be (1 - -8) + 2 + c. What is the highest common divisor of 40 and j?
8
Let w be -1*10/(-8)*72. Let z = 31 + -21. Calculate the greatest common factor of w and z.
10
Let l = -127 - -897. What is the greatest common factor of 7 and l?
7
Let a be 1 - -1*(1 - -22). Suppose -s + a = s. Let n(f) = 17*f - 1. Let u be n(5). Calculate the highest common factor of u and s.
12
Let r = 5 - -28. Let g = r + -8. Calculate the highest common factor of 5 and g.
5
Let n(g) = -2*g**3 + g**2 + 27*g - 2. Let o be n(-6). Calculate the greatest common factor of o and 32.
16
Suppose 3*l - 5 - 1 = 0. Suppose l*g - 7*g = -50. Let j be (-207)/(-1) - (-30)/g. What is the highest common factor of j and 30?
30
Let l(d) = -2*d**3 - 7*d**2 - 9*d + 4. Let y be l(-3). What is the highest common divisor of y and 704?
22
Let x(g) = g**3 + 2*g**2 - g - 2. Let q be x(-2). Suppose -4*z + 0*z = q. Suppose -4*j = -z*j - 36. Calculate the greatest common factor of j and 72.
9
Let a be (2 + 4/(-1))*1*-296. Calculate the highest common factor of a and 37.
37
Suppose o + 46 = -2*b - 0*o, -5*o - 55 = 3*b. Let k be ((-85)/b - 1)/(3/10). Calculate the greatest common divisor of k and 1.
1
Let g(p) = -p + 6. Let u be g(4). Suppose -u*y = -0*y - 10. Suppose -2*j - 48 = -y*j. Calculate the great